{"id":1336,"date":"2024-12-21T08:57:27","date_gmt":"2024-12-21T11:57:27","guid":{"rendered":"https:\/\/www.flaviabarbosa.ntr.br\/site\/?page_id=1336"},"modified":"2024-12-21T08:57:29","modified_gmt":"2024-12-21T11:57:29","slug":"politica-de-privacidade","status":"publish","type":"page","link":"https:\/\/www.flaviabarbosa.ntr.br\/site\/politica-de-privacidade\/","title":{"rendered":"Pol\u00edtica de privacidade"},"content":{"rendered":"\n<h2 class=\"wp-block-heading\"><strong>Coleta e Uso de Informa\u00e7\u00f5es<\/strong><\/h2>\n\n\n\n<p>Coletamos informa\u00e7\u00f5es pessoais que voc\u00ea nos fornece voluntariamente, como nome, e-mail e telefone, quando voc\u00ea se inscreve para receber novidades, solicita atendimento ou interage de outras formas. Essas informa\u00e7\u00f5es s\u00e3o utilizadas para:<\/p>\n\n\n\n<ul class=\"wp-block-list\">\n<li>Fornecer informa\u00e7\u00f5es sobre servi\u00e7os e atendimentos.<\/li>\n\n\n\n<li>Melhorar a experi\u00eancia do usu\u00e1rio em nosso site.<\/li>\n\n\n\n<li>Enviar comunica\u00e7\u00f5es relacionadas aos servi\u00e7os oferecidos.<\/li>\n<\/ul>\n\n\n\n<h2 class=\"wp-block-heading\"><strong>Prote\u00e7\u00e3o de Dados<\/strong><\/h2>\n\n\n\n<p>Implementamos medidas de seguran\u00e7a adequadas para proteger suas informa\u00e7\u00f5es pessoais contra acesso n\u00e3o autorizado, altera\u00e7\u00e3o, divulga\u00e7\u00e3o ou destrui\u00e7\u00e3o. Nossos colaboradores s\u00e3o orientados a manter a confidencialidade das informa\u00e7\u00f5es.<\/p>\n\n\n\n<h2 class=\"wp-block-heading\"><strong>Cookies<\/strong><\/h2>\n\n\n\n<p>Utilizamos cookies para melhorar a funcionalidade do site e coletar dados sobre o uso. Os cookies ajudam a personalizar sua experi\u00eancia e podem ser gerenciados atrav\u00e9s das configura\u00e7\u00f5es do seu navegador.<\/p>\n\n\n\n<h2 class=\"wp-block-heading\"><strong>Compartilhamento de Informa\u00e7\u00f5es<\/strong><\/h2>\n\n\n\n<p>N\u00e3o vendemos, alugamos ou compartilhamos suas informa\u00e7\u00f5es pessoais com terceiros, exceto quando necess\u00e1rio para fornecer nossos servi\u00e7os ou quando exigido por lei.<\/p>\n\n\n\n<h2 class=\"wp-block-heading\"><strong>Seus Direitos<\/strong><\/h2>\n\n\n\n<p>Voc\u00ea tem o direito de acessar, corrigir ou solicitar a exclus\u00e3o de suas informa\u00e7\u00f5es pessoais armazenadas. Para exercer esses direitos, entre em contato conosco atrav\u00e9s dos canais dispon\u00edveis no site.<\/p>\n\n\n\n<h2 class=\"wp-block-heading\"><strong>Altera\u00e7\u00f5es na Pol\u00edtica<\/strong><\/h2>\n\n\n\n<p>Esta Pol\u00edtica de Privacidade pode ser atualizada periodicamente. Recomendamos que voc\u00ea revise esta p\u00e1gina regularmente para se manter informado sobre quaisquer altera\u00e7\u00f5es.<\/p>\n\n\n\n<h2 class=\"wp-block-heading\"><strong>Contato<\/strong><\/h2>\n\n\n\n<p>Para d\u00favidas ou preocupa\u00e7\u00f5es sobre nossa Pol\u00edtica de Privacidade, entre em contato conosco atrav\u00e9s do formul\u00e1rio dispon\u00edvel em nosso site ou pelo e-mail informado na se\u00e7\u00e3o de contato.<\/p>\n\n\n\n<p>\u00daltima atualiza\u00e7\u00e3o: 21\/12\/2024.<\/p>\n","protected":false},"excerpt":{"rendered":"<p>Coleta e Uso de Informa\u00e7\u00f5es Coletamos informa\u00e7\u00f5es pessoais que voc\u00ea nos fornece voluntariamente, como nome, e-mail e telefone, quando voc\u00ea se inscreve para receber novidades, solicita atendimento ou interage de&#8230;<\/p>\n","protected":false},"author":1,"featured_media":0,"parent":0,"menu_order":0,"comment_status":"closed","ping_status":"closed","template":"","meta":{"footnotes":""},"folder":[178],"class_list":["post-1336","page","type-page","status-publish"],"_links":{"self":[{"href":"https:\/\/www.flaviabarbosa.ntr.br\/site\/wp-json\/wp\/v2\/pages\/1336","targetHints":{"allow":["GET"]}}],"collection":[{"href":"https:\/\/www.flaviabarbosa.ntr.br\/site\/wp-json\/wp\/v2\/pages"}],"about":[{"href":"https:\/\/www.flaviabarbosa.ntr.br\/site\/wp-json\/wp\/v2\/types\/page"}],"author":[{"embeddable":true,"href":"https:\/\/www.flaviabarbosa.ntr.br\/site\/wp-json\/wp\/v2\/users\/1"}],"replies":[{"embeddable":true,"href":"https:\/\/www.flaviabarbosa.ntr.br\/site\/wp-json\/wp\/v2\/comments?post=1336"}],"version-history":[{"count":1,"href":"https:\/\/www.flaviabarbosa.ntr.br\/site\/wp-json\/wp\/v2\/pages\/1336\/revisions"}],"predecessor-version":[{"id":1337,"href":"https:\/\/www.flaviabarbosa.ntr.br\/site\/wp-json\/wp\/v2\/pages\/1336\/revisions\/1337"}],"wp:attachment":[{"href":"https:\/\/www.flaviabarbosa.ntr.br\/site\/wp-json\/wp\/v2\/media?parent=1336"}],"wp:term":[{"taxonomy":"folder","embeddable":true,"href":"https:\/\/www.flaviabarbosa.ntr.br\/site\/wp-json\/wp\/v2\/folder?post=1336"}],"curies":[{"name":"wp","href":"https:\/\/api.w.org\/{rel}","templated":true}]}}